t p(w) = 60*w**2 + 2225*w - 11158. What is p(5)?
1467
Let l(a) = -a**3 - 164*a**2 - 5881*a + 192. Determine l(-111).
-30
Let i(t) = t**3 + 39*t**2 - 8*t - 311. What is i(-40)?
-1591
Let k(z) = 171046*z + 170908. Give k(-1).
-138
Let k(i) = 79*i - 579. Determine k(8).
53
Let d(k) = 5*k**3 - 2*k**2 + 68*k - 18. Give d(0).
-18
Let r(a) = -633*a - 107188. Give r(-174).
2954
Let n(v) = -v**2 - 426*v + 3441. Determine n(8).
-31
Let v(a) = a**3 + 90*a**2 + 2020*a + 216. What is v(-48)?
24
Let g(s) = -3*s**3 - 70*s**2 + 55*s + 57. What is g(-24)?
-111
Let t(l) = l**3 + 120*l**2 + 2083*l + 187804. What is t(-116)?
0
Let o(j) = 1763*j - 99047. Determine o(56).
-319
Let z(v) = 5*v**3 - 27*v**2 + 16212*v - 81013. What is z(5)?
-3
Let j(b) = b**3 - 193*b**2 - 7711*b - 1389. What is j(227)?
200
Let p(c) = c**3 + 39*c**2 - 121*c - 7030. Give p(-37).
185
Let s(g) = 3012*g + 2985. Give s(-1).
-27
Let z(l) = 7386*l + 147711. What is z(-20)?
-9
Let d(x) = -2*x**3 - 46*x**2 - 104*x + 28444. Calculate d(18).
4
Let v(j) = -j**3 + 45*j**2 + 131*j - 1687. What is v(47)?
52
Let a(g) = 121391*g - 485549. Give a(4).
15
Let c(g) = -g**3 + 363*g**2 + 6970*g - 5478. Give c(-19).
-6
Let f(q) = -4571*q + 36585. Calculate f(8).
17
Let t(f) = -14*f**2 + 4715*f + 1023. Determine t(337).
12
Let a(q) = 10917*q + 185595. Give a(-17).
6
Let c(x) = 16864*x - 53802. Give c(3).
-3210
Let t(k) = -49*k**2 + 773*k + 22647. Determine t(-15).
27
Let b(t) = -855*t + 11977. What is b(14)?
7
Let s(v) = -34667*v + 901646. Calculate s(26).
304
Let x(g) = -g**3 + 4*g**2 + 153*g - 71. Determine x(13).
397
Let y(a) = -123*a**2 + 9302*a - 225. Give y(76).
-3721
Let d(i) = -731*i + 12965. Determine d(16).
1269
Let g(t) = 25*t**2 - 184*t - 1177. What is g(-7)?
1336
Let i(x) = x**3 + 123*x**2 - 174*x - 36098. Calculate i(-122).
14
Let d(b) = 23*b**3 - 64*b**2 + 22*b + 4. Determine d(5).
1389
Let o(a) = 12*a**2 + 7240*a - 19382. Determine o(-606).
10
Let d(t) = 154328*t + 2314936. What is d(-15)?
16
Let c(d) = -d**2 - 7640*d + 61249. Determine c(8).
65
Let b(v) = 2*v**3 + 78*v**2 + 897*v + 3219. What is b(-9)?
6
Let b(y) = -23*y + 1638. Determine b(32).
902
Let m(v) = 1449401*v + 7247005. Give m(-5).
0
Let q(h) = -6255*h + 131186. Give q(21).
-169
Let a(w) = -11*w**2 + 113*w - 84. Give a(11).
-172
Let x(q) = 2*q**2 + 1119032*q + 19022972. Calculate x(-17).
6
Let s(c) = -405752*c + 4463275. Calculate s(11).
3
Let d(i) = -i**3 - 422*i**2 - 1232*i + 9412. Give d(-419).
-1063
Let d(o) = -11639*o - 442274. What is d(-38)?
8
Let p(q) = q**3 + 20*q**2 - 274*q - 449. Determine p(-25).
3276
Let s(j) = -2019*j + 8050. What is s(4)?
-26
Let r(i) = -16854*i + 707866. Calculate r(42).
-2
Let k(x) = -7*x**2 + 690*x + 9301. Calculate k(-12).
13
Let v(j) = -36581*j + 4609210. Calculate v(126).
4
Let y(f) = 209*f**2 + 39*f - 72. Calculate y(1).
176
Let z(n) = -n**2 + 68029*n + 408214. What is z(-6)?
4
Let g(z) = -4*z**2 - 1514*z - 2274. Give g(-377).
-12
Let p(l) = -18*l**2 - 1526*l - 22381. What is p(-66)?
-73
Let j(h) = 8*h**2 + 1413*h - 9233. What is j(-183)?
100
Let t(n) = n**2 - 233*n + 8988. Determine t(46).
386
Let w(d) = -2*d**3 + 464*d**2 - 3927*d - 74. What is w(9)?
709
Let f(k) = 8*k**3 - 24*k**2 - 11*k - 34. Give f(0).
-34
Let k(b) = -8*b**3 + 691*b**2 + 1138*b + 683. Calculate k(88).
155
Let h(d) = -10612*d + 721617. Calculate h(68).
1
Let q(l) = -l**3 + 6*l**2 + 4659*l - 32558. Give q(7).
6
Let g(m) = 152*m**3 + 27*m + 15. Give g(0).
15
Let p(y) = -101*y**2 + 994*y + 28. What is p(9)?
793
Let w(a) = 31*a**2 - 377*a - 13. Determine w(10).
-683
Let c(b) = -94*b + 4937. What is c(50)?
237
Let o(a) = -3419477*a - 23936346. Calculate o(-7).
-7
Let h(i) = 2*i**2 + 236*i + 5392. What is h(-23)?
1022
Let i(a) = 9979*a + 3442744. What is i(-345)?
-11
Let h(z) = -63*z + 1390. Determine h(25).
-185
Let d(g) = 3*g**3 - 6*g**2 + 1466*g - 2925. What is d(2)?
7
Let k(q) = 252*q**3 + 167832*q**2 + q + 607. What is k(-666)?
-59
Let x(m) = -10178*m**2 - 81418*m - 9. Calculate x(-8).
-57
Let x(a) = 36633*a - 2344518. Determine x(64).
-6
Let y(c) = 1047*c + 53474. Determine y(-51).
77
Let s(g) = 96424*g - 1446362. Determine s(15).
-2
Let f(p) = 4*p**3 - 47*p**2 - 245*p - 38. Give f(-4).
-66
Let x(i) = 72*i + 3151. What is x(-50)?
-449
Let j(d) = -31*d**2 - 1422*d + 2821. Calculate j(2).
-147
Let y(m) = 3528*m + 2811821. Calculate y(-797).
5
Let n(a) = 59*a**2 + 821*a + 3272. Determine n(-4).
932
Let w(v) = 13*v**3 + 370*v**2 + 1633*v + 6. Give w(-23).
6
Let v(u) = -1728624*u + 65687710. Calculate v(38).
-2
Let i(w) = -11531*w - 105077. What is i(-9)?
-1298
Let b(l) = -l**3 - 171*l**2 - 1448*l + 480. Calculate b(-162).
-1140
Let y(c) = -c**2 + 748*c - 101568. What is y(178)?
-108
Let w(m) = -3*m**3 - 195*m**2 - 556*m - 3. Calculate w(-62).
-127
Let t(a) = a**3 - 94*a**2 + 1315*a + 11474. Give t(-6).
-16
Let j(h) = -h**2 - 1099*h + 96752. What is j(82)?
-90
Let x(j) = j**3 - 210*j**2 - 1065*j - 2009. Calculate x(215).
141
Let k(y) = -415*y**3 + 11*y**2 + 8*y + 1. Calculate k(-2).
3349
Let r(w) = 8*w**2 - 2167*w - 19557. Calculate r(-9).
594
Let z(y) = -y**2 + 183*y - 823. What is z(178)?
67
Let s(p) = 3*p**3 + 296*p**2 + 197*p + 111. Give s(-98).
13
Let h(b) = 9*b**2 + 670*b - 14488. Give h(-92).
48
Let v(w) = -2*w**3 - 255*w**2 - 133*w - 547. Give v(-127).
215
Let j(b) = -5*b**2 + 543*b + 116. Calculate j(108).
440
Let c(n) = 14280*n + 428399. Give c(-30).
-1
Let h(a) = a**2 - 297*a + 13000. Determine h(244).
68
Let o(j) = -34*j**2 - 4818*j - 3367. Calculate o(-141).
17
Let z(n) = -4*n + 1822. Give z(51).
1618
Let y(k) = -6*k**3 - 24*k**2 - 3*k - 81. Give y(6).
-2259
Let t(o) = 12*o**2 - 621*o + 6319. What is t(38)?
49
Let r(v) = v**3 + 8*v**2 - 117*v - 180. Calculate r(-15).
0
Let t(m) = 192391*m + 1731114. Calculate t(-9).
-405
Let l(z) = -2*z**3 - 3431*z**2 - 8764*z - 340887. Determine l(-1713).
0
Let g(x) = -x**3 + 59*x**2 + 394*x - 23249. Determine g(59).
-3
Let t(n) = 957*n + 2815. Give t(-3).
-56
Let w(d) = -140429*d**2 - 2246869*d - 85. Give w(-16).
-5
Let w(d) = 1470*d - 257158. Give w(175).
92
Let w(n) = 129591*n - 1166327. What is w(9)?
-8
Let h(j) = j**3 - 39*j**2 + 190*j - 806. Determine h(34).
-126
Let b(z) = 17*z**2 + 144*z + 2872. What is b(-17)?
5337
Let p(z) = -8950*z - 82325. Calculate p(-9).
-1775
Let c(i) = 23630*i + 18407791. Calculate c(-779).
21
Let u(v) = -21*v**2 + 670*v + 330. Determine u(32).
266
Let g(x) = 2*x**3 - 19*x**2 - 230*x + 2188. Calculate g(9).
37
Let m(f) = -2*f**3 + 1802*f**2 - 270*f + 243252. Calculate m(901).
-18
Let s(x) = -x**2 - 47*x + 615. Calculate s(-35).
1035
Let h(z) = 2*z**3 + 41*z**2 + 12*z - 695. Calculate h(-19).
160
Let o(d) = 91*d**2 - 34960*d + 6148. Calculate o(384).
4
Let x(q) = 429*q - 30838. Give x(72).
50
Let z(t) = -503*t + 14786. What is z(29)?
199
Let o(k) = k**3 + 19*k**2 - 1340*k - 12868. What is o(-9)?
2
Let p(d) = -2950*d - 171088. Calculate p(-58).
12
Let v(h) = -127*h + 24497. What is v(194)?
-141
Let a(f) = -1170*f + 8203. What is a(7)?
13
Let n(m) = -17933*m + 609868. Determine n(34).
146
Let n(l) = -12*l**2 + 4854*l + 29159. Give n(-6).
-397
Let j(d) = -3148*d - 9338. What is j(-3)?
106
Let c(f) = 3*f**3 - 12*f**2 + 48*f - 78. Give c(8).
1074
Let m(d) = -34736*d + 1319971. Give m(38).
3
Let v(g) = 32740*g + 491105. Determine v(-15).
5
Let z(b) = 2*b**3 + 9*b**2 - 465*b + 3611. Determine z(8).
1491
Let n(b) = 2*b**2 - 227*b - 3469. What is n(127)?
-40
Let j(w) = -1768*w - 104325. Calculate j(-59).
-13
Let j(b) = 21834*b - 1157196. Give j(53).
6
Let o(p) = -4*p**3 - 459*p**2 + 161*p + 5295. Calculate o(-115).
5
Let d(h) = 15*h**2 - 170*h - 742. Calculate d(15).
83
Let w(u) = -3124*u + 3141. Calculate w(1).
17
Let v(b) = -5944*b + 47549. Calculate v(8).
-3
Let x(j) = -49*j**2 - 163*j + 1314. Determine x(8).
-3126
Let s(r) = -r**3 + 228*r**2 - 318*r + 20717. What is s(227)?
60
Let p(d) = -17746*d + 266625. Calculate p(15).
435
Let x(i) = 54*i**2 + 1389*i + 8902. Determine x(-13).
-29
Let y(d) = 6166*d + 2423252. Calculate y(-393).
14
Let x(m) = 3559*m - 7094. Give x(2).
24
Let q(m) = -3*m**2 - 108*m - 320. What is q(0)?
-320
Let d(r) = -25676*r - 128348. Give d(-5).
32
Let z(l) = l**3 - 17*l**2 + 1476*l - 25084. Calculate z(17).
8
Let x(u) = 2989*u - 